{"id":2498,"date":"2026-01-13T19:53:56","date_gmt":"2026-01-13T19:53:56","guid":{"rendered":"https:\/\/sotpost.com\/?page_id=2498"},"modified":"2026-01-13T19:53:57","modified_gmt":"2026-01-13T19:53:57","slug":"contact","status":"publish","type":"page","link":"https:\/\/sotpost.com\/?page_id=2498","title":{"rendered":"Contact"},"content":{"rendered":"\n<p><strong>Na kontaktoni<\/strong><\/p>\n\n\n\n<p>Na p\u00eblqen t\u00eb d\u00ebgjojm\u00eb nga lexuesit tan\u00eb! N\u00ebse keni pyetje, sugjerime ose k\u00ebrkesa p\u00ebr bashk\u00ebpunim, mund t\u00eb na kontaktoni n\u00eb m\u00ebnyrat e m\u00ebposhtme:<\/p>\n\n\n\n<hr class=\"wp-block-separator has-alpha-channel-opacity\"\/>\n\n\n\n<h2 class=\"wp-block-heading\">1. Email<\/h2>\n\n\n\n<ul class=\"wp-block-list\">\n<li>P\u00ebr pyetje t\u00eb p\u00ebrgjithshme: <strong><a>inf<\/a>o<a>@sotpost.com<\/a><\/strong><\/li>\n\n\n\n<li>P\u00ebr bashk\u00ebpunime ose reklama: <strong><a>hello@urbanistica.wtf<\/a><\/strong><\/li>\n<\/ul>\n\n\n\n<hr class=\"wp-block-separator has-alpha-channel-opacity\"\/>\n\n\n\n<h2 class=\"wp-block-heading\">2. Formular Kontakti<\/h2>\n\n\n\n<p>Ju mund t\u00eb d\u00ebrgoni mesazh direkt nga faqja jon\u00eb duke p\u00ebrdorur <strong>formularin e kontaktit<\/strong>:<\/p>\n\n\n\n<div class=\"wp-block-contact-form-7-contact-form-selector\">[contact-form-7 id=&#8221;5&#8243; title=&#8221;Contact Us&#8221;]<\/div>\n\n\n\n<ul class=\"wp-block-list\"><\/ul>\n\n\n\n<p>Ne do t\u2019ju p\u00ebrgjigjemi brenda 1-2 dit\u00ebve pune.<\/p>\n\n\n\n<p><\/p>\n","protected":false},"excerpt":{"rendered":"Na kontaktoni Na p\u00eblqen t\u00eb d\u00ebgjojm\u00eb nga lexuesit tan\u00eb! N\u00ebse keni pyetje, sugjerime ose k\u00ebrkesa p\u00ebr bashk\u00ebpunim, mund&hellip;\n","protected":false},"author":2,"featured_media":0,"parent":0,"menu_order":0,"comment_status":"closed","ping_status":"closed","template":"","meta":{"footnotes":""},"class_list":{"0":"post-2498","1":"page","2":"type-page","3":"status-publish","5":"cs-entry","6":"cs-video-wrap"},"_links":{"self":[{"href":"https:\/\/sotpost.com\/index.php?rest_route=\/wp\/v2\/pages\/2498","targetHints":{"allow":["GET"]}}],"collection":[{"href":"https:\/\/sotpost.com\/index.php?rest_route=\/wp\/v2\/pages"}],"about":[{"href":"https:\/\/sotpost.com\/index.php?rest_route=\/wp\/v2\/types\/page"}],"author":[{"embeddable":true,"href":"https:\/\/sotpost.com\/index.php?rest_route=\/wp\/v2\/users\/2"}],"replies":[{"embeddable":true,"href":"https:\/\/sotpost.com\/index.php?rest_route=%2Fwp%2Fv2%2Fcomments&post=2498"}],"version-history":[{"count":0,"href":"https:\/\/sotpost.com\/index.php?rest_route=\/wp\/v2\/pages\/2498\/revisions"}],"wp:attachment":[{"href":"https:\/\/sotpost.com\/index.php?rest_route=%2Fwp%2Fv2%2Fmedia&parent=2498"}],"curies":[{"name":"wp","href":"https:\/\/api.w.org\/{rel}","templated":true}]}}